o)?
10
Let g be (-1)/(-3) + (-15)/(-9). Let k(r) = 0*r**2 - g*r**3 + r**3 - 1 + 2 + 4*r**2. Calculate k(4).
1
Let h(p) = -p**2 - 8*p + 5. Suppose 3*k + 8*k = -66. Give h(k).
17
Let w(s) = -11*s**2 + 2*s - 1. Let n be 3/3 + 3 + -3. What is w(n)?
-10
Let f = 0 - 0. Suppose -w + f = 2. Let i(p) = -2*p**2 - 2*p - 2. Give i(w).
-6
Let a(f) = -2*f**2 + 2*f. Suppose 3*j - 4*j + 4*p + 25 = 0, 2*j = 3*p + 40. Suppose -u = -2*x - 8, -j = -0*u - u + 5*x. What is a(u)?
-4
Let s = 25 - 23. Let u(q) = 15*q**s + 6*q - 20*q**2 + 6*q**2. What is u(-6)?
0
Let i(g) = g**2 - 3*g - 3. Suppose -s + 6 = -4*j, 4*j + 12 = -5*s + 3*j. What is i(s)?
7
Let f(s) = s**2 + 4*s - 3. Let h(o) = o + 1. Let n(j) = -f(j) - 2*h(j). Determine n(-6).
1
Let f(u) = -3*u**2 + 11*u - 9. Let k(w) = 2*w**2 - 5*w + 5. Let o(m) = 3*f(m) + 5*k(m). Determine o(-8).
-2
Let k(l) be the third derivative of 0*l + 1/8*l**4 - l**2 + 2/3*l**3 + 0 - 1/60*l**5. Determine k(4).
0
Let w(m) = m**3 + 4*m**2 + 5*m + 2. Suppose 9*i = -4*f + 4*i + 7, 5*f - i = 16. Suppose 12 = -3*q + f. Give w(q).
-4
Let k(r) = 2*r**2 - 7*r + 5. Let a(b) = b**3 - 5*b**2 + 4*b - 9. Let z be a(5). Let v be 2/((-18)/14 + 1). Let c = z + v. Determine k(c).
9
Let x(p) = -3 + 4*p**2 + 2 + 0 + 2*p**2 - p**3 - 5*p. Calculate x(4).
11
Let l(f) = f**2 + 4*f + 3. Let h = -6 + 2. Let n be l(h). Let j(w) = -3*w**n + 0*w**2 - w**2 + 0*w + 2*w**3 - w. What is j(0)?
0
Let k = 89 + -83. Let i(m) = m**3 - 5*m**2 - 5*m - 7. Give i(k).
-1
Let i(r) be the third derivative of 1/60*r**5 + r**2 + 0*r - 1/12*r**4 + 1/3*r**3 + 0. What is i(2)?
2
Suppose 11*k = 9*k - 2. Let z(a) = 3*a + 1. What is z(k)?
-2
Let s(g) = -2*g**3 - 3 + 4*g**2 + 7*g - 2*g**3 + 3*g**3. Suppose 4*y - p - 1 = 3*y, -5*y - 5*p = -45. What is s(y)?
7
Let m(q) = -q**2 - q - 1. Let d be m(-2). Let b = 0 - d. Let h(l) = l**b - 4*l + l + 2 - 5*l**2 + 2*l**2. Calculate h(4).
6
Let g(l) = l**2 + 2*l + 1. Let o be g(-1). Suppose t = -o*t + 2. Let c(m) = 4*m**2 + m - 2. What is c(t)?
16
Let n(v) = v. Let q(a) = -18*a - 9. Let m(h) = -27*n(h) - q(h). Let u(p) = 5*p - 5. Let t(w) = 4*m(w) + 7*u(w). Give t(-2).
3
Let m(v) = 4*v + 3*v**3 + 2*v**2 + 4*v**3 - 4 + 3*v**2 + v. Let x(a) = 3*a**3 + 3*a**2 + 2*a - 2. Let y(r) = 2*m(r) - 5*x(r). Give y(-5).
2
Let o(g) = -3*g + 7*g - 3 - 5*g. Determine o(-6).
3
Let g(y) = 10*y + 52. Let p be g(-5). Let s(c) be the third derivative of 0*c + 1/3*c**4 + 4*c**p + 0 + 0*c**3. Calculate s(-1).
-8
Let c(u) = u**3 - u**2 - 2*u + 3. Let i be c(2). Let y(q) = -q**3 + 4*q - 3 + 4 + i*q**2 + 2. Suppose 0 = -3*x + 15 - 3. What is y(x)?
3
Let q(x) be the second derivative of -x**4/12 + 2*x**3/3 - x**2/2 - 17*x. Give q(5).
-6
Let d(p) = -p**3 + 15*p**2 + 3*p + 0*p - 9*p**2 - 2*p - 8. Suppose 0 = -3*n + 8 + 10. Determine d(n).
-2
Let q(g) = g**2 - 6*g - 1. Suppose -4*r = 3*k - 22, -4*r - 6 = -3*k + 8. Calculate q(k).
-1
Let b be ((-20)/25)/((-4)/10). Let r(k) = b + 0*k + 3 - k. Determine r(0).
5
Let l(z) = -z. Let s be 1*-3*(1 + 1). Calculate l(s).
6
Let t(g) be the third derivative of -g**4/24 - 5*g**3/6 - 38*g**2. Calculate t(-5).
0
Let u(h) be the second derivative of -2*h - 2*h**2 + 1/6*h**3 + 0. Give u(2).
-2
Let h(r) = -3*r - r + 2*r + 2. What is h(4)?
-6
Let k(d) = d**3 - 7*d**2 + 8*d - 6. Suppose 2*z + 1 = 9. Suppose -3*g = 12, z*y + 38 = 9*y - 2*g. Give k(y).
6
Let p(b) be the second derivative of -b**5/20 - b**4/4 + b**3/3 - 3*b**2/2 - 19*b. Give p(-4).
5
Let c(u) = -4*u**2 + 8*u + 6*u**2 - u**2 - 4. Calculate c(-7).
-11
Let m(r) = r**2 - 5*r - 1. Suppose 2*z = 6, -4*z + 22 = -2*l - 10. Let q = 16 + l. Give m(q).
5
Let o(b) = b - 1 + 1. Suppose 5*t - 2 - 18 = 0. Let u be (t/(-8))/(2/(-12)). Calculate o(u).
3
Let b(z) = z - 1. Let k be 5*(2 + 0)/(-2). Let t be b(k). Let d(f) = f**2 + 6*f + 8. Determine d(t).
8
Let d(r) = -r + 3. Let o(z) = 1. Let k(x) = -d(x) + 4*o(x). Let b(l) = -l - 13. Let y be b(-9). Let q = -1 - y. Determine k(q).
4
Let a(j) = -j**2 + 6*j + 9. Let x be a(7). Let t(n) = 3 - 7 - n - x. What is t(0)?
-6
Let m(j) = -j + 7. Let g be m(5). Let d(w) = -15*w - 1 + 2*w**2 + 8*w - g*w**2 + w**2. Determine d(7).
-1
Let m(t) = 3*t + 2. Let d = 1 + 3. Let w = 3 - d. Let k(y) = y**2 + 1. Let q(u) = w*m(u) - k(u). What is q(-3)?
-3
Let p(n) = -n**3 + 4*n**2 - 2*n - 2. Let z be p(2). Let m(c) be the first derivative of -7*c**z + 2*c - 3 + 8*c**2 - c. What is m(-2)?
-3
Let t(k) = 4*k - 5*k - 5 + 2 + 1. Give t(5).
-7
Suppose 4*s = 2*s + 2. Let b(g) = -s - g - 2*g + 0 + 0. Give b(-4).
11
Let g = 3 + -6. Let a(h) = -h**3 + 4*h**2 + h - 3. Let o be a(4). Let m(v) = o + 5 + v - 2. Give m(g).
1
Let j(b) = 2*b + 6. Suppose 3*k + 7 = 2*k. Calculate j(k).
-8
Let j(o) = -5 - o**2 + 2*o**3 + 7 - o**3 + 2. Determine j(0).
4
Let c be (-1)/(-2) + (-30)/4. Let u(r) = -r**3 - 8*r**2 - 7*r - 10. Let a be u(-7). Let g = c - a. Let t(o) = 3*o - 4. What is t(g)?
5
Let j(d) be the second derivative of 0 + 3*d - 1/30*d**5 + 0*d**3 - 1/360*d**6 + 1/6*d**4 + 0*d**2. Let i(t) be the third derivative of j(t). Determine i(-5).
6
Let x(j) be the second derivative of j**4/12 - j**3/6 - 11*j**2/2 + 15*j. Give x(0).
-11
Let w(r) = -r**2 - 11*r + 8. Let a be w(-12). Let j(z) = z**3 + 2*z**2 - 5*z + 3. Calculate j(a).
-9
Suppose 0 = -3*m + 3*s - 3, -2*m - s + 13 = 2*s. Let p(l) = 6 - l**m + 0*l**2 + l + 0*l**2. What is p(0)?
6
Let c(u) be the first derivative of u**2 + u - 1. Let a = 13 - 10. Suppose 2 = 4*k + n + a, 3*n = -2*k + 7. Determine c(k).
-1
Let d(g) = 3*g - 14. Let l be d(6). Let a(w) = 16*w**3 - 9*w**2 + 11*w + 16. Let q(k) = -3*k**3 + 2*k**2 - 2*k - 3. Let j(r) = -2*a(r) - 11*q(r). What is j(l)?
1
Let l(h) = h**2 + h + 8. Let q(g) = g**2 - 8*g + 7. Let w be q(7). Give l(w).
8
Let q(c) = -c**3 + 2*c**2 + c - 2. Suppose -5*l + 22 = -0*j + 4*j, -2*l - 5*j = -19. Calculate q(l).
0
Let w(h) be the second derivative of 0 - 3*h + 0*h**3 - 3/20*h**5 + 1/6*h**4 - 1/2*h**2. Give w(1).
-2
Suppose 3*s - 6 = 0, 3*b - 4*s = -s - 3. Let t(d) = 11*d**2 + d - 1. Calculate t(b).
11
Let u = 1 + 3. Let d(n) be the second derivative of n**3/6 + n**2 + 152*n - 2. What is d(u)?
6
Suppose q - 14 = -s - 2*q, 4*s + 2*q = 16. Suppose -5*f = -s - 3. Let x(d) = -8*d**3 - 1. Determine x(f).
-9
Let s(t) be the first derivative of 3*t**2/2 - 3*t - 4. What is s(4)?
9
Let q be 1/(5/15 + 0). Let p(a) = 2*a**2 - a. Calculate p(q).
15
Let n(k) be the second derivative of -k**3/3 - 3*k**2 + 2*k + 31. Calculate n(-3).
0
Let z(c) = c - 7. Suppose 4*w + 6 = 2*a, -3*a - 5*w + 41 = -1. Give z(a).
2
Suppose -2*q + 24 = -l + 3*q, 3*l - 8 = -q. Let c(x) = -29*x + 20. Let j(a) = 10*a - 7. Let z(o) = -6*c(o) - 17*j(o). Determine z(l).
3
Let h(s) = 2*s - 3 + 1 - 1. Give h(4).
5
Let h(n) = -n. Let v(y) = -y**3 + 5*y**2 - 2*y - 3. Let b(o) = -o - 7. Let i be b(-6). Let r(g) = i*v(g) - h(g). Calculate r(3).
-6
Let j(r) = r**2 + 4*r + 3. Suppose 7*c - 2*c = -35. Let v(z) = -5*z - 6. Let a be v(c). Suppose d - 4*g + 0 = 11, g = -5*d - a. Calculate j(d).
8
Suppose -3*d = 4 + 5. Let c(p) = -4*p - 4. Give c(d).
8
Let z(v) = -v**2. Let r = 35 + -33. Calculate z(r).
-4
Let w(j) be the first derivative of -j**5/120 - j**4/6 + j**3 + 7. Let g(z) be the third derivative of w(z). Calculate g(0).
-4
Let w(s) = 19*s**2 - 5*s + 6 - 9*s**2 - 9*s**2. Calculate w(6).
12
Let z be (4/(-8))/((-2)/(-68)). Let g(y) = -20*y - 17. Let s(l) = -7*l - 6. Let b(q) = z*s(q) + 6*g(q). Determine b(-3).
3
Let a be (30/(-135))/((-2)/3). Let v(s) be the third derivative of -5*s**2 - 1/24*s**4 - a*s**3 + 0*s + 0. Calculate v(5).
-7
Let f(l) = -2*l**3 - l**2 - 3*l - 4. Let k(x) be the second derivative of x**5/20 - x**4/12 + x**3/6 + x**2/2 + x. Let y(v) = f(v) + k(v). Give y(-2).
1
Let z(p) = -3*p**2 + p + 1. Let r(k) = 1. Let n(l) = r(l) - z(l). Let g(o) = -o**3 - 3*o**2 - 4*o - 11. Let j be g(-3). Determine n(j).
2
Let m(r) = r + 1. Let h be ((1 - -2)/(-9))/(1/(-15)). What is m(h)?
6
Let r be (-2)/(-4) - (-15)/6. Suppose 0 = -r*y + 9. Suppose -u + 0*u + y = 0. Let h(l) = -l**2 + l + 2. Calculate h(u).
-4
Let b = -14 - -20. Let c(l) = 2*l - 9. Determine c(b).
3
Let n(d) be the third derivative of -d**6/120 + d**5/6 - d**4/24 + d**3/2 + 17*d**2. Give n(10).
-7
Let h(c) = 6*c**2 + 6*c - 1. Suppose 0*m - 5*m = 0. Suppose m = -5*u + 6 + 24. Let q(g) = -7